{"id":10,"date":"2014-06-16T10:14:40","date_gmt":"2014-06-16T10:14:40","guid":{"rendered":"http:\/\/www.newroadsrl.net\/?page_id=10"},"modified":"2015-06-08T10:40:49","modified_gmt":"2015-06-08T10:40:49","slug":"chi-siamo","status":"publish","type":"page","link":"https:\/\/www.newroadsrl.net\/","title":{"rendered":"Chi siamo"},"content":{"rendered":"<section id=\"builder-section-1402919336586\" class=\"builder-section builder-section-first builder-section-text builder-section-next-text builder-text-columns-2\">\n<div class=\"builder-section-content\">\n<div class=\"builder-text-column\">\n<div class=\"builder-text-content\">\n<p>NEW Road srl nasce nel 2014, azienda a gestione familiare, fondata dai fratelli Ivan e Christian Pappalettera, sulla base dell&#8217;esperienza trentennale del padre Francesco, nel mondo dell&#8217;autotrasporto. New road srl \u00a0nasce con l&#8217;obiettivo principale di essere la perfetta combinazione tra i grossi gruppi di trasportatori e il piccolo trasportatore o padroncino.<\/p>\n<\/p><\/div>\n<\/p><\/div>\n<div class=\"builder-text-column\">\n<div class=\"builder-text-content\">\n<p>Uniamo le potenzialit\u00e0 dei grandi gruppi, quindi mezzi che variano dal furgone al bilico,\u00a0Polizze assicurative vettoriali, sistemi antifurto satellitari, concessioni trasporti in regime ADR, alla praticit\u00e0 e semplicit\u00e0 della collaborazione del piccolo trasportatore, ovvero reperibilit\u00e0 immediata, assistenza cliente, gestione snella ed immediata della fase del preventivo.<\/p>\n<\/p><\/div>\n<\/p><\/div>\n<\/p><\/div>\n<\/section>\n<section id=\"builder-section-1402913879677\" class=\"builder-section builder-section-prev-text builder-section-text builder-section-next-text builder-text-columns-3\">\n<div class=\"builder-section-content\">\n<div class=\"builder-text-column\">\n<figure class=\"builder-text-image\">\n\t\t\t\t<img loading=\"lazy\" decoding=\"async\" width=\"600\" height=\"600\" src=\"http:\/\/www.newroadsrl.net\/wp-content\/uploads\/2014\/06\/foto_camion3.jpg\" class=\"attachment-large\" alt=\"foto_camion3\" \/>\t\t\t<\/figure>\n<\/p><\/div>\n<div class=\"builder-text-column\">\n<figure class=\"builder-text-image\">\n\t\t\t\t<img loading=\"lazy\" decoding=\"async\" width=\"600\" height=\"600\" src=\"http:\/\/www.newroadsrl.net\/wp-content\/uploads\/2014\/06\/foto_camion_21.jpg\" class=\"attachment-large\" alt=\"foto_camion_2\" \/>\t\t\t<\/figure>\n<\/p><\/div>\n<div class=\"builder-text-column\">\n<figure class=\"builder-text-image\">\n\t\t\t\t<img loading=\"lazy\" decoding=\"async\" width=\"600\" height=\"600\" src=\"http:\/\/www.newroadsrl.net\/wp-content\/uploads\/2014\/06\/foto_camion_sito1.jpg\" class=\"attachment-large\" alt=\"foto_camion_sito1\" \/>\t\t\t<\/figure>\n<\/p><\/div>\n<\/p><\/div>\n<\/section>\n<section id=\"builder-section-1403000288914\" class=\"builder-section builder-section-prev-text builder-section-text builder-section-last builder-text-columns-2\">\n<div class=\"builder-section-content\">\n<div class=\"builder-text-column\">\n<figure class=\"builder-text-image\">\n\t\t\t\t<img loading=\"lazy\" decoding=\"async\" width=\"640\" height=\"322\" src=\"http:\/\/www.newroadsrl.net\/wp-content\/uploads\/2014\/06\/camion_new2.jpg\" class=\"attachment-large\" alt=\"camion_new2\" \/>\t\t\t<\/figure>\n<\/p><\/div>\n<div class=\"builder-text-column\">\n<figure class=\"builder-text-image\">\n\t\t\t\t<img loading=\"lazy\" decoding=\"async\" width=\"640\" height=\"322\" src=\"http:\/\/www.newroadsrl.net\/wp-content\/uploads\/2014\/06\/camion_new2_ok.jpg\" class=\"attachment-large\" alt=\"camion_new2_ok\" \/>\t\t\t<\/figure>\n<\/p><\/div>\n<\/p><\/div>\n<\/section>\n","protected":false},"excerpt":{"rendered":"<p>NEW Road srl nasce nel 2014, azienda a gestione familiare, fondata dai fratelli Ivan e Christian Pappalettera, sulla base dell&#8217;esperienza trentennale del padre Francesco, nel mondo dell&#8217;autotrasporto. New road srl \u00a0nasce con l&#8217;obiettivo principale di essere la perfetta combinazione tra i grossi gruppi di trasportatori e il piccolo trasportatore o padroncino. Uniamo le potenzialit\u00e0 dei &hellip;<\/p>\n","protected":false},"author":1,"featured_media":0,"parent":0,"menu_order":1,"comment_status":"closed","ping_status":"closed","template":"template-builder.php","meta":{"footnotes":""},"class_list":["post-10","page","type-page","status-publish","hentry"],"_links":{"self":[{"href":"https:\/\/www.newroadsrl.net\/index.php?rest_route=\/wp\/v2\/pages\/10","targetHints":{"allow":["GET"]}}],"collection":[{"href":"https:\/\/www.newroadsrl.net\/index.php?rest_route=\/wp\/v2\/pages"}],"about":[{"href":"https:\/\/www.newroadsrl.net\/index.php?rest_route=\/wp\/v2\/types\/page"}],"author":[{"embeddable":true,"href":"https:\/\/www.newroadsrl.net\/index.php?rest_route=\/wp\/v2\/users\/1"}],"replies":[{"embeddable":true,"href":"https:\/\/www.newroadsrl.net\/index.php?rest_route=%2Fwp%2Fv2%2Fcomments&post=10"}],"version-history":[{"count":38,"href":"https:\/\/www.newroadsrl.net\/index.php?rest_route=\/wp\/v2\/pages\/10\/revisions"}],"predecessor-version":[{"id":111,"href":"https:\/\/www.newroadsrl.net\/index.php?rest_route=\/wp\/v2\/pages\/10\/revisions\/111"}],"wp:attachment":[{"href":"https:\/\/www.newroadsrl.net\/index.php?rest_route=%2Fwp%2Fv2%2Fmedia&parent=10"}],"curies":[{"name":"wp","href":"https:\/\/api.w.org\/{rel}","templated":true}]}}